 = 307*p**2 - 245*p + 69. What are the prime factors of v(10)?
28319
Let i(t) be the second derivative of 8*t**3 - 12*t**2 + 24*t. List the prime factors of i(6).
2, 3, 11
Let g(d) = -34*d + 480. Let p be g(0). Suppose p = 124*o - 112*o. List the prime factors of o.
2, 5
Let y(s) = -27*s + 98*s**2 - 47 - 57*s**2 - 42*s**2. Suppose -3*f + 3*v - 66 = 0, -3*v + 1 = -2. What are the prime factors of y(f)?
79
Suppose -22*i + 5161 = -25331. Suppose -i = 6*f - 6120. What are the prime factors of f?
3, 263
Let q = 1279 + -462. Suppose -5*i + 347 + 438 = -5*g, -3*g = 5*i - q. List the prime factors of i.
7, 23
Let v(n) = -n**2 + 2*n + 16. Let u be v(5). Suppose -3*j + 2 = -u, -j + 87 = 2*r. Suppose r*d - 19 = 42*d. List the prime factors of d.
19
Let p(b) = 30*b**2 + 6*b + 10. Let l(v) = -3*v**2 - 1. Let d(r) = -5*l(r) + p(r). What are the prime factors of d(-5)?
2, 3, 5, 37
Let k(a) be the third derivative of -61*a**4/24 - 53*a**3/3 + 71*a**2. List the prime factors of k(-6).
2, 5, 13
Let o(z) = 87*z**2 - z + 33500. List the prime factors of o(0).
2, 5, 67
Let j(u) = 24*u**2 - 140*u - 1198. List the prime factors of j(-12).
2, 11, 179
Let m(y) be the third derivative of y**5/60 - 7*y**4/12 - 23*y**3/6 + 61*y**2. What are the prime factors of m(-8)?
3, 17
Let r(q) = 3*q. Let z(u) = 102*u - 65. Let s(i) = -6*r(i) + z(i). List the prime factors of s(18).
1447
Let g be ((-8)/20 - 1/10)*-1112. List the prime factors of g/(60/210*1*7).
2, 139
Let m(g) = -g**2 + 14*g - 27. Let x be m(2). Let o(v) = 17*v + 81. List the prime factors of o(x).
2, 3, 5
Let p = -8257 - -9181. List the prime factors of p.
2, 3, 7, 11
Suppose -5935*n = -5903*n - 645024. What are the prime factors of n?
3, 6719
Suppose 77*r + 302444 = -16*r + 1596539. What are the prime factors of r?
5, 11, 23
Let o be (1 - 925)*(36/8 + -5). Let b = -211 + o. List the prime factors of b.
251
Let t = 7223 + -475. Suppose -352 = 6*a - t. List the prime factors of a.
2, 13, 41
Let r = -25525 - -44397. Suppose 0 = 29*c - r + 3763. What are the prime factors of c?
521
Suppose 21*h = 11*h + 20. Suppose 3*u = 3*f - 1563, 3*f = -u + h*u + 1561. List the prime factors of f.
2, 5, 13
What are the prime factors of (-510)/51 - (2 + -6) - -62091?
3, 5, 4139
Let h be 2*5 + (11 - 15). Let c(n) be the second derivative of -n**3/3 + 29*n**2/2 - 34*n. What are the prime factors of c(h)?
17
Let s(z) = -44*z - 16. Let g be s(18). Let p = 1531 + g. What are the prime factors of p?
3, 241
Suppose -3*l + 12 = -72. Let p be l/7 - 56/2. Let o = p - -141. List the prime factors of o.
3, 13
Let p(o) = -43*o + 161. Let g(n) = -131*n + 485. Let r(d) = -6*g(d) + 17*p(d). List the prime factors of r(30).
7, 211
Suppose -t + 4*v = 4, 2*t - v - 66 = -53. Let u(o) be the second derivative of 17*o**3/6 + 13*o**2/2 - o. List the prime factors of u(t).
149
Let y(u) be the second derivative of 11*u**4/12 - 7*u**3/6 + u**2/2 - 44*u. Let w be y(-5). Suppose 4*t - w = 517. List the prime factors of t.
3, 23
Let u = -25738 - -66467. What are the prime factors of u?
13, 241
Let c = 15 - 6. Suppose -3*k + 4*w = -c, -3*w - 12 = -0*k - 4*k. Suppose 0 = 2*m - 5*x - 289, -k*m + 317 = -x - 110. List the prime factors of m.
2, 71
Let g(o) = 12*o**2 + 8*o - 134. What are the prime factors of g(-12)?
2, 7, 107
Suppose -26*a + 95 = -113. Suppose 4146 = a*s - 4886. What are the prime factors of s?
1129
Suppose 4*w + w - 689 = 3*k, -w - 4*k = -124. List the prime factors of w/(-306) - 247/(-9).
3
Suppose -7*a + 23 - 2 = 0. Suppose -a*w = -1781 + 536. What are the prime factors of w?
5, 83
Suppose -6*p + 5*k = -154777, p = -2*k + 7388 + 18428. List the prime factors of p.
2, 7, 19, 97
Let w(r) = r**3 - 5*r**2 + 11*r - 10. Let p be w(3). Suppose -p*c = 2*z - 1030 - 736, 2*z = -2*c + 1760. What are the prime factors of z?
2, 439
Let b = -36400 + 98432. What are the prime factors of b?
2, 3877
Let c be 188/(-8) + 143/26 + -6. Let x(j) = -2*j**3 + 3*j**2 - 2*j + 4. Let h be x(3). Let d = c - h. List the prime factors of d.
5
Let v(d) be the third derivative of d**5/30 - d**4/12 - d**3/3 - 15*d**2. Let k be v(-1). Suppose 2*q - k = 0, 2*q - 5*q = -c + 5. List the prime factors of c.
2
Let y(t) = t**2 - 16*t + 12. Let i be y(18). List the prime factors of (i/(-60))/((-2)/105).
2, 3, 7
Suppose 41927 = 3*i + 31*r - 30*r, 0 = -5*i + 5*r + 69885. List the prime factors of i.
2, 1747
Suppose -71431 = -5*o + 4*d, 2*o + 18*d = 21*d + 28578. What are the prime factors of o?
3, 23
List the prime factors of (-36326)/(-3) - -1 - (-24)/18.
3, 11, 367
What are the prime factors of ((-3146)/605)/(1/(-5010))?
2, 3, 13, 167
Let y(i) = -i**3 - i + 1. Let r(v) = -4*v**3 - 2*v**2 + 1 - v**3 + 3*v**3 - 2 - 7*v. Let p(h) = r(h) - 3*y(h). What are the prime factors of p(4)?
2, 3
Let w(v) = -3159*v - 325. What are the prime factors of w(-3)?
2, 11, 13
Let r = -16134 + 54807. What are the prime factors of r?
3, 4297
Let c(z) = -11*z**3 - 44*z + 44. Let a(i) = i - 1. Let x(l) = -132*a(l) - 3*c(l). Suppose 0*h = -6*h + 12. What are the prime factors of x(h)?
2, 3, 11
Suppose 31*f - 250544 = 273852. List the prime factors of f.
2, 4229
Suppose 8*n = 11*n - 138. Suppose -n = 4*c - 362. List the prime factors of 0 + c + (-16)/(-4).
83
Let t = -1 + -7. Let v(b) = -47*b**3 - 14*b**2 - 2*b - 5. Let d(x) = 31*x**3 + 9*x**2 + x + 3. Let g(a) = t*d(a) - 5*v(a). List the prime factors of g(-2).
3, 31
Suppose -5303 - 5093 = -t + 4*x, -t + 10384 = -2*x. What are the prime factors of t?
2, 2593
Suppose 0 = 3*b - 5*x - 25, -x - 3*x = -b - 1. What are the prime factors of 86/((4/b)/((-12)/(-10)))?
3, 43
Suppose 5*i - 7*i = 4*c - 158, -c + 36 = -3*i. Suppose -8 = 2*k, 43*n + 4*k = c*n + 3544. What are the prime factors of n?
2, 5, 89
Let t(q) = -q**2 + q + 4. Let b be t(5). Suppose -4*k + 47*k + 559 = 0. List the prime factors of 1/(-4) - ((-53716)/b)/k.
2, 3, 43
Suppose 1 = 3*g - 5*z, g - 1 = -5*z + 6. Suppose 77*x + 23 = 23. Suppose x = -g*r + 155 + 57. List the prime factors of r.
2, 53
Let n(m) = 747*m + 1144. What are the prime factors of n(4)?
2, 1033
List the prime factors of (22 - 2225/(-20))/((-2)/(-40)).
5, 13, 41
Let i(c) = -94*c**2 + 13*c + 1. Let o(x) = -47*x**2 + 6*x + 1. Let k(q) = 3*i(q) - 7*o(q). List the prime factors of k(2).
2, 89
Let a(u) be the first derivative of -29*u**4/24 + u**3/2 - 13*u**2/2 - 27. Let t(d) be the second derivative of a(d). List the prime factors of t(-1).
2
Let u(w) = -2*w**3 - 9*w**2 - 6*w + 10. Let n be (-7)/(-3)*(10 + -7)*-1. What are the prime factors of u(n)?
3, 11
Suppose -3*r + g - 6*g - 10 = 0, 0 = 3*r + 2*g - 5. Suppose 7 = -4*a - 0*c + 3*c, 27 = a + r*c. Suppose 244 = a*z - 16. What are the prime factors of z?
2, 5, 13
Let t be 204/136*(-460)/(-6)*2. Let x = -135 - -10. Let d = x + t. What are the prime factors of d?
3, 5, 7
What are the prime factors of 9/(-6) + (110169/2 - 19)?
2, 6883
Suppose 0 = -2*w + 4, -2*q - 16*w = -20*w - 17454. What are the prime factors of q?
8731
Suppose -s + 2*s = -4*s. Suppose -2*t - 2*x + 522 = s, 8*t - 5*t = x + 763. List the prime factors of t.
2
Let v = -2836 + 4211. What are the prime factors of v?
5, 11
Let y(f) = -20*f - 66. Let h be y(27). Let u = 965 + h. List the prime factors of u.
359
Suppose 4*l - l - 6 = a, l + 31 = 4*a. Suppose 0 = -8*q - a*q + 22627. List the prime factors of q.
11
Let j = -133 - -129. Let r = j + 1103. Suppose -17*d = -2539 - r. List the prime factors of d.
2, 107
Suppose 0 = -169*z + 551476 + 442920. What are the prime factors of z?
2, 1471
Let d = -209 + 205. Let h(g) = -3*g**3 - g**2 - 9*g + 3. List the prime factors of h(d).
5, 43
Let n be 30/(-50) + (-4932)/(-20). List the prime factors of -1*2/(((-36)/n)/3).
41
Suppose 0*q + s = q - 1414, -3*s = 6. Let m = -789 + q. What are the prime factors of m?
7, 89
Let s = 584 + -1155. Let m = 581 + s. What are the prime factors of m?
2, 5
Let l(p) = -46*p - 5. Let m be l(7). Let u = -140 - m. Let y = u - 126. What are the prime factors of y?
61
List the prime factors of (-103)/12*-1354 + 20/120.
2, 3, 13, 149
Suppose -2 = -2*d, 2*a = -a - d + 865. Let b = 25 + a. What are the prime factors of b?
313
Suppose -8*i + 5*i - 9 = 0. Let p(h) = 27*h**2 + 18*h + 61. What are the prime factors of p(i)?
2, 5
Let w(d) = d**3 - 13*d**2 + 11*d + 